{"id":8684,"date":"2019-11-28T13:07:29","date_gmt":"2019-11-28T12:07:29","guid":{"rendered":"https:\/\/fullsignature.eu\/?page_id=8684"},"modified":"2021-07-16T14:24:28","modified_gmt":"2021-07-16T12:24:28","slug":"firma-de-contratos-online","status":"publish","type":"page","link":"https:\/\/fullsignature.eu\/index.php\/firma-de-contratos-online\/","title":{"rendered":"Firma electr\u00f3nica de Contratos online con SEPA"},"content":{"rendered":"<p>[vc_row][vc_column][rev_slider_vc alias=\u00bbfirma-contratos-con-sepa\u00bb enable_paspartu=\u00bbno\u00bb][\/vc_column][\/vc_row][vc_row css=\u00bb.vc_custom_1611318773098{margin-top: 20px !important;}\u00bb][vc_column]<div class=\"mkdf-section-title-holder  mkdf-st-standard mkdf-st-title-left mkdf-st-normal-space \" >\n\t<div class=\"mkdf-st-inner\">\n\t\t\t\t\t<h1 class=\"mkdf-st-title\" style=\"color: #0059a3\">\n\t\t\t\tFirma Electr\u00f3nica de Contratos Online con SEPA\t\t\t<\/h1>\n\t\t\t\t\t<\/div>\n<\/div>[vc_empty_space height=\u00bb10px\u00bb][vc_separator color=\u00bbcustom\u00bb style=\u00bbdotted\u00bb accent_color=\u00bb#f2006e\u00bb][vc_empty_space height=\u00bb10px\u00bb]<div class=\"mkdf-section-title-holder  mkdf-st-standard mkdf-st-title-left mkdf-st-normal-space \" >\n\t<div class=\"mkdf-st-inner\">\n\t\t\t\t\t\t\t<h3 class=\"mkdf-st-text\" style=\"color: #f2006e;margin-top: 0px\">\n\t\t\t\tFacilitamos sus cobros desde cualquier entidad financiera europea con la m\u00e1xima agilidad y seguridad.\t\t\t<\/h3>\n\t\t\t<\/div>\n<\/div>[vc_empty_space height=\u00bb15px\u00bb][\/vc_column][\/vc_row][vc_row css=\u00bb.vc_custom_1611318762266{margin-top: 20px !important;}\u00bb][vc_column width=\u00bb5\/6&#8243;][vc_row_inner][vc_column_inner][vc_column_text]<\/p>\n<h4><img class=\"size-medium wp-image-9920 alignleft\" src=\"https:\/\/fullsignature.eu\/wp-content\/uploads\/2021\/01\/img-lateral-izquierda-sepa-500px-245x300.png\" alt=\"\" width=\"300\" srcset=\"https:\/\/fullsignature.eu\/wp-content\/uploads\/2021\/01\/img-lateral-izquierda-sepa-500px-245x300.png 245w, https:\/\/fullsignature.eu\/wp-content\/uploads\/2021\/01\/img-lateral-izquierda-sepa-500px.png 500w\" sizes=\"(max-width: 245px) 100vw, 245px\" \/>\u00bfQU\u00c9 ES SEPA?<\/h4>\n<p style=\"text-align: justify;\">La zona \u00fanica de pagos en euros (conocida bajo el acr\u00f3nimo SEPA, Single Euro Payments Area) es una iniciativa de la Uni\u00f3n Europea (UE) <strong>para armonizar los pagos en la Eurozona<\/strong>. Su objetivo es conseguir que los pagos europeos <strong><span style=\"color: #0059a3;\">sean tan sencillos y baratos<\/span><\/strong> como los nacionales a trav\u00e9s de la creaci\u00f3n de un mercado \u00fanico para pagos denominados en euros.<\/p>\n<p>Mediante el servicio de <strong>RECIBO DOMICILIADO SEPA<\/strong>, podr\u00e1 realizar una orden de domiciliaci\u00f3n con la cual el deudor autoriza y consiente al acreedor a:<\/p>\n<p>\u2022 Iniciar los cobros <strong><span style=\"color: #0059a3;\">mediante el cargo en la cuenta indicada<\/span><\/strong> por el deudor.<br \/>\n\u2022 <strong><span style=\"color: #0059a3;\">Cargar en su cuenta los adeudos presentados<\/span><\/strong> al cobro por la entidad bancaria del acreedor.[\/vc_column_text][\/vc_column_inner][\/vc_row_inner][\/vc_column][vc_column width=\u00bb1\/6&#8243; css=\u00bb.vc_custom_1576064504591{margin-left: 2% !important;}\u00bb][vc_single_image image=\u00bb9881&#8243; img_size=\u00bb\u00bb alignment=\u00bbcenter\u00bb][\/vc_column][vc_column width=\u00bb1\/6&#8243;][\/vc_column][\/vc_row][vc_row][vc_column][vc_column_text]<\/p>\n<h4>PROCESO:<\/h4>\n<ol>\n<li><span style=\"color: #000000;\"><strong>Agrega clientes:<\/strong><\/span> Invita a los clientes a los que facturas peri\u00f3dicamente a rellenar un <strong><span style=\"color: #0059a3;\">sencillo formulario de domiciliaci\u00f3n bancaria<\/span><\/strong>, una sola vez.<\/li>\n<li><span style=\"color: #000000;\"><strong>Programa los pagos:<\/strong> <\/span>Crea un pago para el cliente. Selecciona la fecha y la cantidad del pago. Puedes <strong><span style=\"color: #0059a3;\">crear un pago \u00fanico o varios<\/span><\/strong> pagos para cada cliente.<\/li>\n<li><span style=\"color: #000000;\"><strong>Cobra en plazo:<\/strong><\/span> Los pagos <strong><span style=\"color: #0059a3;\">se cobran autom\u00e1ticamente<\/span> <\/strong>en las fechas que hayas establecido y el cliente recibe una notificaci\u00f3n previa.<\/li>\n<\/ol>\n<p style=\"text-align: justify;\">Con el <strong>Recibo Domiciliado SEPA <span style=\"color: #0059a3;\">se eliminan las diferencias entre pagos nacionales y transfronterizos<\/span><\/strong> lo cual refiere a las siguientes operaciones: domiciliaciones, transferencias y pagos con tarjetas.<\/p>\n<p style=\"text-align: justify;\">Este servicio es muy beneficioso para el cobro a clientes por medio de recibos domiciliados necesitando antes una autorizaci\u00f3n expl\u00edcita para que su entidad bancaria cargue los importes en su cuenta.<\/p>\n<p style=\"text-align: justify;\">La figura de <strong>Avisos Certificados<\/strong> como Tercero de Confianza, le garantiza que sus env\u00edos poseen <strong><span style=\"color: #0059a3;\">plena validez legal<\/span><\/strong>. <strong>R\u00e1pido, econ\u00f3mico, ecol\u00f3gico y c\u00f3modo, desde su ordenador, ahorrando tiempo y trabajo<\/strong>. Adem\u00e1s ofrecemos, con todos nuestros productos, el servicio de dep\u00f3sito notarial bajo demanda.<\/p>\n<p>[\/vc_column_text][vc_empty_space]<div class=\"mkdf-section-title-holder  mkdf-st-standard mkdf-st-title-left mkdf-st-normal-space \" >\n\t<div class=\"mkdf-st-inner\">\n\t\t\t\t\t<h4 class=\"mkdf-st-title\" >\n\t\t\t\tModalidades de tipos de contratos SEPA\t\t\t<\/h4>\n\t\t\t\t\t<\/div>\n<\/div>[vc_empty_space height=\u00bb10px\u00bb][vc_separator color=\u00bbcustom\u00bb style=\u00bbdotted\u00bb accent_color=\u00bb#f2006e\u00bb][\/vc_column][\/vc_row][vc_row gap=\u00bb30&#8243; css_animation=\u00bbtop-to-bottom\u00bb css=\u00bb.vc_custom_1576236100037{margin-top: 0px !important;}\u00bb][vc_column css_animation=\u00bbnone\u00bb width=\u00bb1\/2&#8243;]<div class=\"mkdf-elements-holder   mkdf-one-column  mkdf-responsive-mode-768 \" ><div class=\"mkdf-eh-item    \"  data-item-class=\"mkdf-eh-custom-9398\">\n\t<div class=\"mkdf-eh-item-inner\">\n\t\t<div class=\"mkdf-eh-item-content mkdf-eh-custom-9398\" >\n\t\t\t[vc_empty_space height=\u00bb15px\u00bb]<div class=\"mkdf-section-title-holder  mkdf-st-standard mkdf-st-title-left mkdf-st-normal-space \" >\n\t<div class=\"mkdf-st-inner\">\n\t\t\t\t\t<h3 class=\"mkdf-st-title\" >\n\t\t\t\tModalidad SEPA Core\t\t\t<\/h3>\n\t\t\t\t\t\t\t<h5 class=\"mkdf-st-text\" >\n\t\t\t\tEmpresas y particulares\t\t\t<\/h5>\n\t\t\t<\/div>\n<\/div>[vc_empty_space height=\u00bb10px\u00bb][vc_separator color=\u00bbcustom\u00bb style=\u00bbdotted\u00bb accent_color=\u00bb#0059a3&#8243;][vc_empty_space height=\u00bb15px\u00bb]\t\t<\/div>\n\t<\/div>\n<\/div><\/div>[vc_row_inner][vc_column_inner width=\u00bb1\/2&#8243;][vc_single_image image=\u00bb9368&#8243; img_size=\u00bblarge\u00bb][\/vc_column_inner][vc_column_inner width=\u00bb1\/2&#8243;]<div class=\"mkdf-elements-holder   mkdf-one-column  mkdf-responsive-mode-768 \" ><div class=\"mkdf-eh-item    \"  data-item-class=\"mkdf-eh-custom-1314\">\n\t<div class=\"mkdf-eh-item-inner\">\n\t\t<div class=\"mkdf-eh-item-content mkdf-eh-custom-1314\" >\n\t\t\t[vc_column_text]<\/p>\n<p style=\"text-align: justify;\">Se trata de un <strong><span style=\"color: #0059a3;\">instrumento de pago automatizado y electr\u00f3nico<\/span><\/strong>, que permite realizar <strong>cobros en euros directamente en la cuenta del deudor<\/strong> (o cliente). Mediante el esquema <strong>SEPA CORE<\/strong>, se puede cobrar a cualquier tipo de cliente (particular, aut\u00f3nomo o empresa). <strong><span style=\"color: #0059a3;\">El sistema SEPA CORE es el m\u00e1s utilizado para el cobro de recibos<\/span><\/strong>. Se trata de un esquema de cobro flexible y en el que no es necesaria la aceptaci\u00f3n por parte del cliente, de cada cobro. Aunque, debe tener un mandato u orden de domiciliaci\u00f3n firmado por el cliente, antes de hacer los cobros en su cuenta.<\/p>\n<p>[\/vc_column_text]\t\t<\/div>\n\t<\/div>\n<\/div><\/div>[\/vc_column_inner][\/vc_row_inner][\/vc_column][vc_column css_animation=\u00bbnone\u00bb width=\u00bb1\/2&#8243;]<div class=\"mkdf-elements-holder   mkdf-one-column  mkdf-responsive-mode-768 \" ><div class=\"mkdf-eh-item    \"  data-item-class=\"mkdf-eh-custom-3011\">\n\t<div class=\"mkdf-eh-item-inner\">\n\t\t<div class=\"mkdf-eh-item-content mkdf-eh-custom-3011\" >\n\t\t\t[vc_empty_space height=\u00bb15px\u00bb]<div class=\"mkdf-section-title-holder  mkdf-st-standard mkdf-st-title-left mkdf-st-normal-space \" >\n\t<div class=\"mkdf-st-inner\">\n\t\t\t\t\t<h3 class=\"mkdf-st-title\" >\n\t\t\t\tModalidad SEPA B2B\t\t\t<\/h3>\n\t\t\t\t\t\t\t<h5 class=\"mkdf-st-text\" >\n\t\t\t\tSolo empresas y\/o aut\u00f3nomos\t\t\t<\/h5>\n\t\t\t<\/div>\n<\/div>[vc_empty_space height=\u00bb10px\u00bb][vc_separator color=\u00bbcustom\u00bb style=\u00bbdotted\u00bb accent_color=\u00bb#0059a3&#8243;][vc_empty_space height=\u00bb15px\u00bb]\t\t<\/div>\n\t<\/div>\n<\/div><\/div>[vc_row_inner][vc_column_inner width=\u00bb1\/2&#8243;][vc_single_image image=\u00bb9373&#8243; img_size=\u00bblarge\u00bb][\/vc_column_inner][vc_column_inner width=\u00bb1\/2&#8243;]<div class=\"mkdf-elements-holder   mkdf-one-column  mkdf-responsive-mode-768 \" ><div class=\"mkdf-eh-item    \"  data-item-class=\"mkdf-eh-custom-3576\">\n\t<div class=\"mkdf-eh-item-inner\">\n\t\t<div class=\"mkdf-eh-item-content mkdf-eh-custom-3576\" >\n\t\t\t[vc_column_text]<\/p>\n<p style=\"text-align: justify;\">El adeudo domiciliado B2B es una modalidad de adeudo directo SEPA, <strong><span style=\"color: #0059a3;\">concebido para las transacciones entre personas jur\u00eddicas<\/span><\/strong> (empresas y\/o aut\u00f3nomos). Una de las <strong>principales ventajas<\/strong> del uso del SEPA B2B, consiste en que el cliente solo tiene 2 d\u00edas para devolver un recibo. Por ultimo destacamos que las operaciones acogidas en esta modalidad <strong>est\u00e1n dotadas de mayor seguridad y agilidad<\/strong>, afianzando en un plazo reducido el buen fin de la operaci\u00f3n de pago.<\/p>\n<p>[\/vc_column_text]\t\t<\/div>\n\t<\/div>\n<\/div><\/div>[\/vc_column_inner][\/vc_row_inner][\/vc_column][\/vc_row][vc_row][vc_column][vc_empty_space height=\u00bb50px\u00bb][\/vc_column][\/vc_row]<\/p>\n","protected":false},"excerpt":{"rendered":"<p>[vc_row][vc_column][rev_slider_vc alias=\u00bbfirma-contratos-con-sepa\u00bb enable_paspartu=\u00bbno\u00bb][\/vc_column][\/vc_row][vc_row css=\u00bb.vc_custom_1611318773098{margin-top: 20px !important;}\u00bb][vc_column][vc_empty_space height=\u00bb10px\u00bb][vc_separator color=\u00bbcustom\u00bb style=\u00bbdotted\u00bb accent_color=\u00bb#f2006e\u00bb][vc_empty_space height=\u00bb10px\u00bb][vc_empty_space height=\u00bb15px\u00bb][\/vc_column][\/vc_row][vc_row css=\u00bb.vc_custom_1611318762266{margin-top: 20px !important;}\u00bb][vc_column width=\u00bb5\/6&#8243;][vc_row_inner][vc_column_inner][vc_column_text] \u00bfQU\u00c9 ES SEPA? La zona \u00fanica de pagos en euros (conocida bajo el acr\u00f3nimo SEPA, Single Euro Payments Area) es una iniciativa de la [&hellip;]<\/p>\n","protected":false},"author":2,"featured_media":0,"parent":0,"menu_order":0,"comment_status":"closed","ping_status":"closed","template":"","meta":[],"_links":{"self":[{"href":"https:\/\/fullsignature.eu\/index.php\/wp-json\/wp\/v2\/pages\/8684"}],"collection":[{"href":"https:\/\/fullsignature.eu\/index.php\/wp-json\/wp\/v2\/pages"}],"about":[{"href":"https:\/\/fullsignature.eu\/index.php\/wp-json\/wp\/v2\/types\/page"}],"author":[{"embeddable":true,"href":"https:\/\/fullsignature.eu\/index.php\/wp-json\/wp\/v2\/users\/2"}],"replies":[{"embeddable":true,"href":"https:\/\/fullsignature.eu\/index.php\/wp-json\/wp\/v2\/comments?post=8684"}],"version-history":[{"count":47,"href":"https:\/\/fullsignature.eu\/index.php\/wp-json\/wp\/v2\/pages\/8684\/revisions"}],"predecessor-version":[{"id":10070,"href":"https:\/\/fullsignature.eu\/index.php\/wp-json\/wp\/v2\/pages\/8684\/revisions\/10070"}],"wp:attachment":[{"href":"https:\/\/fullsignature.eu\/index.php\/wp-json\/wp\/v2\/media?parent=8684"}],"curies":[{"name":"wp","href":"https:\/\/api.w.org\/{rel}","templated":true}]}}